ulate i(0).
-4
Let n(u) = -2*u + 1. Let f(d) = -1. Let j(k) = k**2 - 8*k - 2. Let l be j(8). Let m(b) = l*f(b) - n(b). Give m(1).
3
Let c(a) = -a**3 - 25*a**2 - 42*a + 101. Let g be c(-23). Let n(x) = -10*x**2 + 91*x - 4. Determine n(g).
5
Let q(r) = 6*r - r - 2 - 7*r + 3*r. Calculate q(0).
-2
Let n(a) = 12*a**2 + a - 7. Let r(c) = 5*c**2 - 3. Let i(s) = 3*n(s) - 7*r(s). Give i(-5).
10
Let k(p) be the first derivative of -1 + 0*p**3 + 0*p**2 + 1/4*p**4 - p. Suppose -163*q + 9 = -158*q + 2*j, 9 = 3*q + 3*j. What is k(q)?
0
Let c(n) = n. Let g = 23 - -19. Let u = g + -48. What is c(u)?
-6
Let q(f) be the second derivative of -f**5/20 + 7*f**4/12 - 3*f**3/2 + 9*f**2/2 + 89*f. Give q(6).
-9
Suppose 2 = 3*w - 22. Let r(h) = -1 - 5*h**3 - 19*h**3 - 10*h + w*h + 0 - h**2. Determine r(-1).
24
Let v(w) = -w**3 + 9*w**2 + 11*w - 2. Let c be v(10). Let h(p) = p**2 + p - 1. Let l(k) = -7*k**2 + 3*k - 2. Let x(s) = 6*h(s) + l(s). Give x(c).
0
Let t(h) = -h**3 - 7*h**2 + h - 2. Let q be 10/(((-33)/(-44))/((-6)/(-16))). Suppose 0 = q*z - s - 2*s + 41, 0 = 5*z - 2*s + 39. Determine t(z).
-9
Let z(v) be the second derivative of v**3/6 + 3*v**2/2 + 2*v. Let o = 65 + -65. Give z(o).
3
Let t(g) be the second derivative of g**5/60 + 5*g**4/24 - 5*g**3/6 - 31*g**2/2 - 17*g. Let p(k) be the first derivative of t(k). Determine p(-6).
1
Let r(y) = y + 0 - 2 - 2 - 14. Determine r(13).
-5
Let t(c) = -c**3 - 15*c**2 - 52*c - 10. Let n be t(-5). Let g(m) = 3*m + 7. What is g(n)?
7
Suppose -111 + 120 = -3*y. Let t(v) = 2*v + 2. Let p(u) = -2*u - 2. Let s(i) = 5*p(i) + 6*t(i). What is s(y)?
-4
Let w(j) = -2*j + 21. Let t(c) = c**3 - 3*c**2 + 7*c - 2. Let h be t(2). Let f be w(h). Let b(y) = -y**2 + 5*y + 2. What is b(f)?
2
Let x(u) = -u**2 + 5*u - 2. Let z be x(3). Let p(h) = 3 + h**2 + 16*h - z*h - 7*h. What is p(-5)?
3
Let q(a) be the third derivative of -16*a**2 - 1/6*a**3 + 0*a**4 + 1/30*a**5 + 0 + 0*a. Determine q(-2).
7
Let y(o) = -20*o - o + 14*o - 5. Determine y(-6).
37
Let u(z) be the third derivative of -z**6/720 + z**4/3 - 9*z**2. Let d(f) be the second derivative of u(f). What is d(4)?
-4
Let d be ((-3)/(-9))/(1/3). Let u(f) = -9*f + 17*f - 8*f - 6*f**3 + d. Determine u(1).
-5
Let u(y) = 7*y**3 - 12*y**3 + 0*y**3 + 15*y**3 + y. What is u(-1)?
-11
Let s(h) = -h**3 + 25*h**2 + h - 27. Let c be s(25). Let t(k) = -k**3 + 1. Let j be t(0). Let l(b) = 2*b**2 + b**3 + 5*b + j - b - 3*b. Calculate l(c).
-1
Let f be (-5)/(0 - 1 - 0). Suppose f*r = 6*r - 3. Let j(p) = -p - 1 - r + 1 + 2. Determine j(-2).
1
Suppose 10*f + 135 = -5. Let l(k) = -k**2 - 14*k - 10. Give l(f).
-10
Let n(r) be the second derivative of r**7/840 - r**6/72 - 3*r**5/40 + r**4/3 - 7*r**3/3 + 10*r. Let h(m) be the second derivative of n(m). Calculate h(6).
-10
Let j(w) be the first derivative of -7*w**2/2 + 12. Let r = 10 + -8. Give j(r).
-14
Let j(n) = 3*n + 2. Suppose 0 = -5*x + 5*w + 70, 5*x + 2*w - 52 = -2*w. Let l be (x/36)/(1/(-15)). Determine j(l).
-13
Let f(z) = -9*z**3 - z**2 - 2*z - 1. Let y(s) = -5*s**2 - 6*s - 5 + 3 + 1 + 4*s**2. Let k be y(-4). Suppose 0 = 4*l + 11 - k. Determine f(l).
9
Let t(w) = -w - 1. Let y(v) = -28 + 28 + 8*v**2. Let h(u) = -u**2. Let d(k) = -2*h(k) - y(k). Let f be d(1). What is t(f)?
5
Let v(x) = -3*x**2 + 11*x + 9. Suppose 51 = -6*p + p + 2*r, -r - 2 = 0. Let w(i) = -8*i**2 + 32*i + 27. Let m(k) = p*v(k) + 4*w(k). Give m(-6).
3
Let l(o) = 2*o**2 - 12*o - 14 + 13 - 10*o**2 + 7*o**2. Give l(-12).
-1
Let w(h) be the first derivative of 3*h**2 + 2*h + 7042. Suppose 4*s + 0*s = -2*j - 2, s - 1 = -j. Calculate w(j).
20
Let t(i) = i**3 - i - 1. Let v(y) = -36*y**3 + y**2 + 7*y + 6. Let f(o) = -5*t(o) - v(o). Give f(-1).
-31
Let i(s) = 2*s**2 + 2*s - 2*s**3 - 21 - 16 + 37. Suppose 2 = 3*z - 4. What is i(z)?
-4
Let o(c) be the second derivative of c**4/12 - 4*c**3/3 - 9*c**2/2 + 507*c. Determine o(10).
11
Let w(z) = z + 5. Let b be -3*10/45*(-24)/(-4). Calculate w(b).
1
Let c(j) = -10219 + 5*j - 4*j + j + 10223 - 4*j. Suppose o + 29 = -5*d, 0*o + 13 = -3*d - 5*o. Determine c(d).
16
Let a(v) = -2*v**2 - 9*v - 3. Suppose -5*h - 23 = 5*s - h, -17 = 2*s - h. Calculate a(s).
-38
Let s(a) = -a**2 + a - 1. Let t be 4/(-18) + 38/9. Suppose 5*q = q + v - 8, t*q = -v - 8. Determine s(q).
-7
Suppose 5*d - 30 = 4*u, 0 = u + 5*d - 12 + 7. Let g(t) = -t**3 - 5*t**2 + 2*t + 4. Calculate g(u).
-6
Let h(r) = r**3 - 5*r**2 + 5. Suppose 5*j + 0*j - 37 = -3*l, 5*j - 9 = 4*l. Determine h(j).
5
Let v(z) be the third derivative of 5*z**4/24 - 2*z**3/3 - 5*z**2. Let r = 594 - 588. What is v(r)?
26
Let c(y) be the second derivative of y**6/12 - y**5/60 - y**4/12 - y**3/6 - 7*y**2 + 4*y. Let v(j) be the first derivative of c(j). Give v(-1).
-10
Let a(s) = s**3 + 24*s - 19 - 10*s - 12*s - 8*s**2 - 1. Let x be a(8). Let b(f) = -f**3 - 5*f**2 - f - 5. Calculate b(x).
-17
Let b(i) be the first derivative of -i**3/3 - 6*i**2 + 8*i - 270. Calculate b(-11).
19
Let b(h) be the third derivative of -h**4/24 + 2*h**3/3 - 3*h**2. Let x(f) = 2*f**2 + 0*f**2 - f**2 - 5*f + 3*f. Let r be x(2). Calculate b(r).
4
Let t(x) = x + 1. Let j = 79 - 84. Let g(o) = -o**2 - 3*o - 6. Let u(l) = j*t(l) - g(l). Determine u(2).
1
Let s(h) = -h**2 + h. Let d(t) = -6*t**2 + 3*t - 4. Let q(f) = -d(f) + 5*s(f). Let y(i) = -3*i - 12. Let w be y(-3). Give q(w).
7
Let w(f) be the first derivative of f**5/60 + f**4/3 + f**3/2 - 13*f**2 - 24. Let a(z) be the second derivative of w(z). Give a(-8).
3
Let d = -88 + 94. Let m(w) = w. Let c(n) = -n. Let z(j) = -c(j) - 2*m(j). What is z(d)?
-6
Let l(q) be the first derivative of -q**4/4 - 13*q**3/3 + 15*q**2/2 + 14*q - 243. Give l(-14).
0
Let i(t) = -3*t + 26 + 44 - 2*t**2 + 39 - 107. What is i(2)?
-12
Let h be (-4)/(-22) - 108/(-11). Let y(v) = -2*v - 3*v - 4 + h*v - 3*v. Let k be (-1)/(-2) - 5/(-2). What is y(k)?
2
Let i(t) = t**3 - t**2 + t. Let d(o) = 3*o**3 - 10*o**2 - 7*o. Let j(a) = d(a) - 2*i(a). Let l be j(9). Let n(b) = 8 + l*b - b + 0*b + 0*b - b**2. Give n(0).
8
Let y(g) = -4*g - 2*g + 67*g**2 - 74*g**2 - 6. Let s(q) = -8*q**2 - 6*q - 6. Let z(b) = -6*s(b) + 7*y(b). Calculate z(-4).
2
Let o(z) = z**2 - 3*z + 1. Let b be o(4). Suppose -b*y = -16 + 1. Let f(r) = -y + 2*r + 0*r**2 - 3*r**2 + r**3 - 4*r**2 + 3*r**2. Determine f(4).
5
Suppose -m + 3*l + 54 = 38, -2*l + 4 = 3*m. Let g(a) = 2*a**2 - 10*a + 2. Let o(t) = t + 1. Let y(w) = g(w) + 3*o(w). Determine y(m).
9
Suppose -i - 510 = -2*i. Let q(v) = -3*v**2 - 514*v + i*v + 7*v**2 + 4 - v**3. Determine q(3).
1
Let h(y) be the first derivative of -y**4/4 - 12*y - 110. Let l(w) = w**3 + 9*w**2 - 11*w - 10. Let m be l(-10). What is h(m)?
-12
Let p(m) = 11 + 0*m + 15 - m + 8 - 25. Calculate p(-2).
11
Let p(n) = -n + 11. Suppose -6*f + 27 = -3. Suppose 0*i + 2*i = -2*t, 2*t = -f*i. Give p(t).
11
Let b be (6 + 0 + 3)*6/18. Suppose b*d - 2*v + 5 = 0, -1 = -d - 3*v + 1. Let m(k) = 3*k**2 - k. Determine m(d).
4
Let f(m) = -2*m**2 - 5*m + 5. Let w be 11/(33/(-15))*12/(-20). What is f(w)?
-28
Let r(c) = -6*c - 3 + 4*c**2 - 5*c**2 - 2. Let j be ((-18)/(-10))/(9/15). Suppose -4*k - j*w - 29 = 0, 2*k = -w + 5*w + 2. Calculate r(k).
0
Let f = -174 + 176. Let c(z) = -3*z**3 + 2*z**2 + 2. Calculate c(f).
-14
Suppose 3*h = 2*h + 5, 0 = 4*v - 3*h + 39. Let r(g) be the second derivative of g**5/20 + g**4/2 + g**3/2 + 4*g**2 - 18*g. Give r(v).
-10
Let z(o) = -7*o**3 - o + 1. Let d(a) = 2*a**2 + 18*a - 70. Let h be d(-12). Determine z(h).
-57
Let n = 30 - 26. Let h be n/18 - (-40)/(-18). Let v(a) = a**2 + 3*a - 2. Determine v(h).
-4
Let o(k) = k**2 + 8*k + 2. Let u be 1 + (-10 - (0 + 3)). Let v be (2/4)/((-2)/u). Suppose 4*p + 13 = -0*p + v*a, 4*p - 2*a = -18. Give o(p).
-5
Let r(k) = -418 - 416 + k + 4*k + 832. Give r(2).
8
Let x(a) = a - 1. Let b(q) = q**3 - 18*q**2 - 16*q - 9. Let g(h) = -b(h) + 3*x(h). Let l be g(19). Let j(n) = -n**2 + 5*n + 8. Calculate j(l).
2
Let l(w) = -6*w + 2. Let j(g) = -g - 1. Let p(n) = 5*j(n) - l(n). Suppose -4 = -2*a - 0*a. Suppose i = -a*i. Give p(i).
-7
Let q(t) = -3*t**2 + 4*t - 6. Let w(o) = 7*o**2 - 7*o + 12. Let s(z) = -5*q(z) - 2*w(z). Determine s(7).
13
Suppose l = -3*l. Let p = l - 6. Let r(h) = -25*h**3 - 26*h**2 + 7*h - 35. Let n(m) = -9*m**3 - 9*m**2 + 2*m - 12. Let v(z) = -11*n(z) + 4*r(z). Determine v